{"id":2913,"date":"2022-07-05T09:11:48","date_gmt":"2022-07-05T08:11:48","guid":{"rendered":"https:\/\/wir-lernen-weiter.ch\/?post_type=ht_kb&#038;p=2913"},"modified":"2026-04-12T10:02:38","modified_gmt":"2026-04-12T09:02:38","slug":"wenn-bildungsbuerokratie-lernende-ausgrenzt","status":"publish","type":"ht_kb","link":"https:\/\/wir-lernen-weiter.ch\/it\/knowledge-base\/wenn-bildungsbuerokratie-lernende-ausgrenzt\/","title":{"rendered":"220630 - Quando la burocrazia educativa emargina gli studenti"},"content":{"rendered":"<figure class=\"wp-block-image size-large\"><img decoding=\"async\" width=\"1024\" height=\"681\" src=\"https:\/\/wir-lernen-weiter.ch\/wp-content\/uploads\/2022\/07\/DSC_2333-1024x681.jpg\" alt=\"\" class=\"wp-image-3140\" srcset=\"https:\/\/wir-lernen-weiter.ch\/wp-content\/uploads\/2022\/07\/DSC_2333-1024x681.jpg 1024w, https:\/\/wir-lernen-weiter.ch\/wp-content\/uploads\/2022\/07\/DSC_2333-300x200.jpg 300w, https:\/\/wir-lernen-weiter.ch\/wp-content\/uploads\/2022\/07\/DSC_2333-768x511.jpg 768w, https:\/\/wir-lernen-weiter.ch\/wp-content\/uploads\/2022\/07\/DSC_2333-50x33.jpg 50w, https:\/\/wir-lernen-weiter.ch\/wp-content\/uploads\/2022\/07\/DSC_2333-1536x1022.jpg 1536w, https:\/\/wir-lernen-weiter.ch\/wp-content\/uploads\/2022\/07\/DSC_2333-2048x1363.jpg 2048w, https:\/\/wir-lernen-weiter.ch\/wp-content\/uploads\/2022\/07\/DSC_2333-18x12.jpg 18w, https:\/\/wir-lernen-weiter.ch\/wp-content\/uploads\/2022\/07\/DSC_2333-1200x798.jpg 1200w, https:\/\/wir-lernen-weiter.ch\/wp-content\/uploads\/2022\/07\/DSC_2333-1980x1317.jpg 1980w, https:\/\/wir-lernen-weiter.ch\/wp-content\/uploads\/2022\/07\/DSC_2333-1320x878.jpg 1320w\" sizes=\"(max-width: 1024px) 100vw, 1024px\" \/><\/figure>\n\n\n\n<p><em>Volontari di wLw durante una campagna di distribuzione a Zurigo<\/em><\/p>\n\n\n\n<p><strong>\"Viviamo nel 2022 e in molti luoghi non si \u00e8 ancora capito che ruolo abbia un computer portatile nell'istruzione e nella partecipazione quotidiana\". Le parole del fondatore e direttore generale di Wir lernen weiter (in breve wLw) sono chiare e inequivocabili, perch\u00e9 anche quest'estate, secondo l'associazione, molti apprendisti e studenti in tutta la Svizzera rischiano di dover acquistare dispositivi con requisiti evidentemente troppo elevati. Il concetto di \"Bring your own Device\" (BYOD in breve, o \"Bring your own laptop to class\" in tedesco) \u00e8 ormai radicato nel mondo dell'istruzione e, di conseguenza, gli apprendisti di tutto il mondo devono portare con s\u00e9 il proprio portatile dopo la scuola primaria. Dal punto di vista finanziario, questo \u00e8 un problema quando le scuole devono fornire attrezzature di alta qualit\u00e0, soprattutto a chi vive in condizioni di povert\u00e0. Oggi non \u00e8 pi\u00f9 possibile completare un apprendistato o un corso di studi senza un computer portatile, poich\u00e9 molti materiali e documenti didattici sono ormai distribuiti solo in formato digitale.&nbsp;<\/strong><\/p>\n\n\n\n<hr class=\"wp-block-separator has-alpha-channel-opacity\"\/>\n\n\n\n<h2 class=\"wp-block-heading\"><strong>Situazione iniziale<\/strong><\/h2>\n\n\n\n<p>L'associazione \"Wir lernen weiter\" distribuisce computer portatili a famiglie e individui colpiti dalla povert\u00e0 dall'aprile 2020, in collaborazione con molti uffici comunali e cantonali di assistenza sociale e altre organizzazioni. Da allora, circa 5.000 computer portatili hanno trovato nuovi utenti che altrimenti non avrebbero potuto permettersi questa attrezzatura. Il periodo che precede le vacanze estive non \u00e8 facile per il team di Wir lernen weiter (wLw in breve): in molti luoghi, le persone sono alla disperata ricerca di computer portatili economici che devono soddisfare requisiti sempre pi\u00f9 elevati. Ad esempio, \u00e8 possibile trovare schermi con capacit\u00e0 di input (\"touchscreen\") in molte lettere di richiesta delle scuole professionali. \"Ci rendiamo conto che questo ha senso nelle professioni tecniche e di design. Ma per noi la comprensione si ferma quando l'impiegato commerciale o lo specialista del commercio al dettaglio devono soddisfare tali criteri\", afferma Sch\u00e4r. Il problema non \u00e8 che i touch screen non abbiano senso, ma che le differenze nei costi di approvvigionamento sono enormi.&nbsp;<\/p>\n\n\n\n<p>Non solo i touch screen, ma anche altri requisiti sollevano punti interrogativi per il team. Ad esempio, alcune scuole stabiliscono che le attrezzature non devono avere pi\u00f9 di tre anni. Altri requisiti, come dischi rigidi di grandi dimensioni, memorie e processori potenti, fanno s\u00ec che i dispositivi esistenti vengano interpretati come troppo vecchi o inefficienti e che un nuovo acquisto appaia inevitabile a causa della strategia BYOD. Tali politiche hanno gravi conseguenze per le singole famiglie: \"In pratica, i genitori o gli studenti ricevono una lettera con richieste che non capiscono. In molti profili professionali, gli schermi tattili sono chiaramente opzionali, perch\u00e9 non ci sono casi d'uso, a meno che non si voglia modificare i PDF - cosa che si pu\u00f2 fare senza schermo tattile senza problemi. Riteniamo che circa 3\/4 di tutte le scuole professionali ritengano necessari i touch screen, anche se l'insegnamento pu\u00f2 essere svolto senza di essi\". wLw fornisce un semplice esempio: per 500 franchi svizzeri si possono gi\u00e0 acquistare buoni dispositivi, sufficienti per la vita scolastica quotidiana. Se invece si desidera un touch screen, il prezzo raddoppia rapidamente.<\/p>\n\n\n\n<p>Nel 2019\/2020, circa 8,5% di tutti gli abitanti della Svizzera erano colpiti dalla povert\u00e0 e circa altri 15,4% erano a rischio di povert\u00e0. Le famiglie monoparentali e le persone con un background migratorio sono particolarmente colpite. Sch\u00e4r ritiene che se una persona su quattro in Svizzera vive in condizioni di povert\u00e0 o \u00e8 minacciata da essa, semplici misure possono fare una grande differenza.<\/p>\n\n\n\n<h2 class=\"wp-block-heading\"><strong>Raccomandazioni per l'azione<\/strong><\/h2>\n\n\n\n<p>Sch\u00e4r aggiunge che ci sono anche buoni esempi in cui le scuole professionali puntano su tablet esterni che consentono funzionalit\u00e0 touch. I prezzi erano compresi tra 50 e 80 franchi. Ci sono anche scuole che indicano il touch screen come opzionale. Anche altre istituzioni educative abbassano i requisiti a seconda della descrizione del lavoro, il che, secondo Sch\u00e4r, sarebbe una misura semplice e rapida per tutti. Secondo l'autore, tuttavia, queste soluzioni pragmatiche sono rare, spesso a scapito di coloro che devono gi\u00e0 restituire ogni centesimo due volte. Il BWZ Lyss, ad esempio, ha trovato una buona soluzione stabilendo tre diverse categorie di laptop e definendole poi per i profili professionali corrispondenti. \"Capiscono che si pu\u00f2 ancora lavorare decentemente con un dispositivo di 7-8 anni fa\", afferma Sch\u00e4r.&nbsp;&nbsp;<\/p>\n\n\n\n<p>wLw fa notare attivamente alle scuole che i costi di approvvigionamento per gli apprendisti sono pi\u00f9 alti quando si richiede di pi\u00f9. \"Molti non sono consapevoli delle implicazioni di queste differenze di prezzo. Tuttavia, le famiglie in condizioni di povert\u00e0 spesso non sanno come aiutarsi da sole e probabilmente non hanno i mezzi per acquistare nuove attrezzature. Se, nel peggiore dei casi, ricorrono a un microcredito o a un pagamento rateale perch\u00e9 il fabbisogno di elettrodomestici \u00e8 troppo elevato, hanno gi\u00e0 un piede nell'ufficio dell'assistenza sociale. Nei negozi specializzati non si ricevono consigli, ma si viene solitamente venduti, il che a sua volta porta a prezzi pi\u00f9 alti\".<\/p>\n\n\n\n<p>Alcune scuole offrono anche servizi di noleggio, di solito dell'ordine di 300-400 franchi per anno scolastico. \"Per lo stesso prezzo, si pu\u00f2 anche acquistare un nuovo dispositivo che servir\u00e0 allo scopo per tutto il periodo di formazione senza problemi; e alla fine si potr\u00e0 anche tenere il dispositivo\".<\/p>\n\n\n\n<p>L'associazione vorrebbe ora coinvolgere le associazioni professionali competenti affinch\u00e9 vengano elaborati requisiti minimi realistici per ogni profilo professionale. \"Ora spetta proprio a questi organismi, oltre che alle singole scuole. Soprattutto nella digitalizzazione, le soluzioni pragmatiche dovrebbero essere sempre al centro, ove possibile. E in queste cose non bisogna reinventare nulla: deve esserci solo la volont\u00e0\". Un anno e mezzo fa Sch\u00e4r ha avuto l'opportunit\u00e0 di parlare alla SSBK (Conferenza svizzera degli uffici della formazione professionale) sul tema dell'offerta digitale di base, ma a suo avviso \u00e8 cambiato troppo poco: \"Continueremo a lottare.<\/p>\n\n\n\n<h2 class=\"wp-block-heading\"><strong>Ecco cosa succede dopo<\/strong><\/h2>\n\n\n\n<p>Solo nei mesi di luglio e agosto scorsi, l'associazione ha dotato 650 apprendisti in tutta la Svizzera di importanti attrezzature di base. Quest'anno il volume dovrebbe quasi raddoppiare. Sch\u00e4r: \"La povert\u00e0 non \u00e8 molto visibile nella ricca Svizzera. Molti di noi, inoltre, non sono quotidianamente occupati da domande su come pagare il prossimo affitto, comprare i vestiti per i bambini o, ad esempio, un semplice computer portatile. Anche dal punto di vista politico, i poveri non hanno alcuna lobby e spesso sono completamente esclusi dalla partecipazione digitale. I costi conseguenti sono a carico di tutti i contribuenti\".<\/p>\n\n\n\n<p>L'associazione lavora con oltre 700 comunit\u00e0 e altri partner in tutta la Svizzera. A fronte di un contributo fisso ai costi, attualmente pari a 150 franchi, questi partner possono ottenere dei laptop dall'associazione, che poi copre le proprie spese. I computer portatili sono quindi un dono, perch\u00e9 l'associazione li riceve gratuitamente anche da aziende, comuni o privati. \"Ma li usiamo per pagare tutte le altre spese, come il funzionamento delle nostre infrastrutture, i costi del personale e il materiale di ricambio.<\/p>\n\n\n\n<p>L'Wir lernen weiter continua a battersi proprio per queste preoccupazioni e spera che questi problemi di facile soluzione vengano risolti negli anni a venire. Questo aiuterebbe coloro che gi\u00e0 non hanno molto da vivere.<\/p>\n\n\n\n<p><\/p>\n\n\n\n<hr class=\"wp-block-separator has-alpha-channel-opacity\"\/>\n\n\n\n<p><strong>Informazioni sui media:<\/strong>&nbsp;<a href=\"mailto:kontakt@wir-lernen-weiter.ch\">kontakt@wir-lernen-weiter.ch<\/a>&nbsp;\/ +41 56 521 30 29<\/p>\n\n\n\n<p><strong>Sito web wLw:&nbsp;<\/strong><a href=\"https:\/\/wir-lernen-weiter.ch\/it\/\">https:\/\/wir-lernen-weiter.ch\/<\/a><\/p>\n\n\n<div class=\"wp-block-post-author\"><div class=\"wp-block-post-author__avatar\"><img alt='' src='https:\/\/secure.gravatar.com\/avatar\/0fe4bbc7c38f960ec0ab4d5fc918022a93da1a9071409a56a80c41d7f31bd7c5?s=48&#038;d=mm&#038;r=g' srcset='https:\/\/secure.gravatar.com\/avatar\/0fe4bbc7c38f960ec0ab4d5fc918022a93da1a9071409a56a80c41d7f31bd7c5?s=96&#038;d=mm&#038;r=g 2x' class='avatar avatar-48 photo' height='48' width='48' \/><\/div><div class=\"wp-block-post-author__content\"><p class=\"wp-block-post-author__name\">Tobias Sch\u00e4r<\/p><\/div><\/div>","protected":false},"excerpt":{"rendered":"<p>Volontari di wLw durante una campagna di distribuzione a Zurigo \"Viviamo nell'anno 2022 e in molti luoghi la gente non capisce ancora il ruolo che un computer portatile svolge nell'istruzione e nella partecipazione quotidiana\". Le parole del fondatore e direttore commerciale di Wir lernen weiter (in breve wLw) sono chiare e inequivocabili, perch\u00e9 anche quest'estate la minaccia di...<\/p>","protected":false},"author":6,"comment_status":"closed","ping_status":"closed","template":"","format":"standard","meta":{"iawp_total_views":3,"footnotes":""},"ht-kb-category":[48],"ht-kb-tag":[],"class_list":["post-2913","ht_kb","type-ht_kb","status-publish","format-standard","hentry","ht_kb_category-blogs"],"_links":{"self":[{"href":"https:\/\/wir-lernen-weiter.ch\/it\/wp-json\/wp\/v2\/ht-kb\/2913","targetHints":{"allow":["GET"]}}],"collection":[{"href":"https:\/\/wir-lernen-weiter.ch\/it\/wp-json\/wp\/v2\/ht-kb"}],"about":[{"href":"https:\/\/wir-lernen-weiter.ch\/it\/wp-json\/wp\/v2\/types\/ht_kb"}],"author":[{"embeddable":true,"href":"https:\/\/wir-lernen-weiter.ch\/it\/wp-json\/wp\/v2\/users\/6"}],"replies":[{"embeddable":true,"href":"https:\/\/wir-lernen-weiter.ch\/it\/wp-json\/wp\/v2\/comments?post=2913"}],"version-history":[{"count":0,"href":"https:\/\/wir-lernen-weiter.ch\/it\/wp-json\/wp\/v2\/ht-kb\/2913\/revisions"}],"wp:attachment":[{"href":"https:\/\/wir-lernen-weiter.ch\/it\/wp-json\/wp\/v2\/media?parent=2913"}],"wp:term":[{"taxonomy":"ht_kb_category","embeddable":true,"href":"https:\/\/wir-lernen-weiter.ch\/it\/wp-json\/wp\/v2\/ht-kb-category?post=2913"},{"taxonomy":"ht_kb_tag","embeddable":true,"href":"https:\/\/wir-lernen-weiter.ch\/it\/wp-json\/wp\/v2\/ht-kb-tag?post=2913"}],"curies":[{"name":"wp","href":"https:\/\/api.w.org\/{rel}","templated":true}]}}

<figure class="wp-block-image size-large"><img decoding="async" width="1024" height="681" src="https://wir-lernen-weiter.ch/wp-content/uploads/2022/07/DSC_2333-1024x681.jpg" alt="" class="wp-image-3140" srcset="https://wir-lernen-weiter.ch/wp-content/uploads/2022/07/DSC_2333-1024x681.jpg 1024w, https://wir-lernen-weiter.ch/wp-content/uploads/2022/07/DSC_2333-300x200.jpg 300w, https://wir-lernen-weiter.ch/wp-content/uploads/2022/07/DSC_2333-768x511.jpg 768w, https://wir-lernen-weiter.ch/wp-content/uploads/2022/07/DSC_2333-50x33.jpg 50w, https://wir-lernen-weiter.ch/wp-content/uploads/2022/07/DSC_2333-1536x1022.jpg 1536w, https://wir-lernen-weiter.ch/wp-content/uploads/2022/07/DSC_2333-2048x1363.jpg 2048w, https://wir-lernen-weiter.ch/wp-content/uploads/2022/07/DSC_2333-18x12.jpg 18w, https://wir-lernen-weiter.ch/wp-content/uploads/2022/07/DSC_2333-1200x798.jpg 1200w, https://wir-lernen-weiter.ch/wp-content/uploads/2022/07/DSC_2333-1980x1317.jpg 1980w, https://wir-lernen-weiter.ch/wp-content/uploads/2022/07/DSC_2333-1320x878.jpg 1320w" sizes="(max-width: 1024px) 100vw, 1024px" /></figure>



<p><em>Volontari di wLw durante una campagna di distribuzione a Zurigo</em></p>



<p><strong>"Viviamo nel 2022 e in molti luoghi non si è ancora capito che ruolo abbia un computer portatile nell'istruzione e nella partecipazione quotidiana". Le parole del fondatore e direttore generale di Wir lernen weiter (in breve wLw) sono chiare e inequivocabili, perché anche quest'estate, secondo l'associazione, molti apprendisti e studenti in tutta la Svizzera rischiano di dover acquistare dispositivi con requisiti evidentemente troppo elevati. Il concetto di "Bring your own Device" (BYOD in breve, o "Bring your own laptop to class" in tedesco) è ormai radicato nel mondo dell'istruzione e, di conseguenza, gli apprendisti di tutto il mondo devono portare con sé il proprio portatile dopo la scuola primaria. Dal punto di vista finanziario, questo è un problema quando le scuole devono fornire attrezzature di alta qualità, soprattutto a chi vive in condizioni di povertà. Oggi non è più possibile completare un apprendistato o un corso di studi senza un computer portatile, poiché molti materiali e documenti didattici sono ormai distribuiti solo in formato digitale.&nbsp;</strong></p>



<hr class="wp-block-separator has-alpha-channel-opacity"/>



<h2 class="wp-block-heading"><strong>Situazione iniziale</strong></h2>



<p>L'associazione "Wir lernen weiter" distribuisce computer portatili a famiglie e individui colpiti dalla povertà dall'aprile 2020, in collaborazione con molti uffici comunali e cantonali di assistenza sociale e altre organizzazioni. Da allora, circa 5.000 computer portatili hanno trovato nuovi utenti che altrimenti non avrebbero potuto permettersi questa attrezzatura. Il periodo che precede le vacanze estive non è facile per il team di Wir lernen weiter (wLw in breve): in molti luoghi, le persone sono alla disperata ricerca di computer portatili economici che devono soddisfare requisiti sempre più elevati. Ad esempio, è possibile trovare schermi con capacità di input ("touchscreen") in molte lettere di richiesta delle scuole professionali. "Ci rendiamo conto che questo ha senso nelle professioni tecniche e di design. Ma per noi la comprensione si ferma quando l'impiegato commerciale o lo specialista del commercio al dettaglio devono soddisfare tali criteri", afferma Schär. Il problema non è che i touch screen non abbiano senso, ma che le differenze nei costi di approvvigionamento sono enormi.&nbsp;</p>



<p>Non solo i touch screen, ma anche altri requisiti sollevano punti interrogativi per il team. Ad esempio, alcune scuole stabiliscono che le attrezzature non devono avere più di tre anni. Altri requisiti, come dischi rigidi di grandi dimensioni, memorie e processori potenti, fanno sì che i dispositivi esistenti vengano interpretati come troppo vecchi o inefficienti e che un nuovo acquisto appaia inevitabile a causa della strategia BYOD. Tali politiche hanno gravi conseguenze per le singole famiglie: "In pratica, i genitori o gli studenti ricevono una lettera con richieste che non capiscono. In molti profili professionali, gli schermi tattili sono chiaramente opzionali, perché non ci sono casi d'uso, a meno che non si voglia modificare i PDF - cosa che si può fare senza schermo tattile senza problemi. Riteniamo che circa 3/4 di tutte le scuole professionali ritengano necessari i touch screen, anche se l'insegnamento può essere svolto senza di essi". wLw fornisce un semplice esempio: per 500 franchi svizzeri si possono già acquistare buoni dispositivi, sufficienti per la vita scolastica quotidiana. Se invece si desidera un touch screen, il prezzo raddoppia rapidamente.</p>



<p>Nel 2019/2020, circa 8,5% di tutti gli abitanti della Svizzera erano colpiti dalla povertà e circa altri 15,4% erano a rischio di povertà. Le famiglie monoparentali e le persone con un background migratorio sono particolarmente colpite. Schär ritiene che se una persona su quattro in Svizzera vive in condizioni di povertà o è minacciata da essa, semplici misure possono fare una grande differenza.</p>



<h2 class="wp-block-heading"><strong>Raccomandazioni per l'azione</strong></h2>



<p>Schär aggiunge che ci sono anche buoni esempi in cui le scuole professionali puntano su tablet esterni che consentono funzionalità touch. I prezzi erano compresi tra 50 e 80 franchi. Ci sono anche scuole che indicano il touch screen come opzionale. Anche altre istituzioni educative abbassano i requisiti a seconda della descrizione del lavoro, il che, secondo Schär, sarebbe una misura semplice e rapida per tutti. Secondo l'autore, tuttavia, queste soluzioni pragmatiche sono rare, spesso a scapito di coloro che devono già restituire ogni centesimo due volte. Il BWZ Lyss, ad esempio, ha trovato una buona soluzione stabilendo tre diverse categorie di laptop e definendole poi per i profili professionali corrispondenti. "Capiscono che si può ancora lavorare decentemente con un dispositivo di 7-8 anni fa", afferma Schär.&nbsp;&nbsp;</p>



<p>wLw fa notare attivamente alle scuole che i costi di approvvigionamento per gli apprendisti sono più alti quando si richiede di più. "Molti non sono consapevoli delle implicazioni di queste differenze di prezzo. Tuttavia, le famiglie in condizioni di povertà spesso non sanno come aiutarsi da sole e probabilmente non hanno i mezzi per acquistare nuove attrezzature. Se, nel peggiore dei casi, ricorrono a un microcredito o a un pagamento rateale perché il fabbisogno di elettrodomestici è troppo elevato, hanno già un piede nell'ufficio dell'assistenza sociale. Nei negozi specializzati non si ricevono consigli, ma si viene solitamente venduti, il che a sua volta porta a prezzi più alti".</p>



<p>Alcune scuole offrono anche servizi di noleggio, di solito dell'ordine di 300-400 franchi per anno scolastico. "Per lo stesso prezzo, si può anche acquistare un nuovo dispositivo che servirà allo scopo per tutto il periodo di formazione senza problemi; e alla fine si potrà anche tenere il dispositivo".</p>



<p>L'associazione vorrebbe ora coinvolgere le associazioni professionali competenti affinché vengano elaborati requisiti minimi realistici per ogni profilo professionale. "Ora spetta proprio a questi organismi, oltre che alle singole scuole. Soprattutto nella digitalizzazione, le soluzioni pragmatiche dovrebbero essere sempre al centro, ove possibile. E in queste cose non bisogna reinventare nulla: deve esserci solo la volontà". Un anno e mezzo fa Schär ha avuto l'opportunità di parlare alla SSBK (Conferenza svizzera degli uffici della formazione professionale) sul tema dell'offerta digitale di base, ma a suo avviso è cambiato troppo poco: "Continueremo a lottare.</p>



<h2 class="wp-block-heading"><strong>Ecco cosa succede dopo</strong></h2>



<p>Solo nei mesi di luglio e agosto scorsi, l'associazione ha dotato 650 apprendisti in tutta la Svizzera di importanti attrezzature di base. Quest'anno il volume dovrebbe quasi raddoppiare. Schär: "La povertà non è molto visibile nella ricca Svizzera. Molti di noi, inoltre, non sono quotidianamente occupati da domande su come pagare il prossimo affitto, comprare i vestiti per i bambini o, ad esempio, un semplice computer portatile. Anche dal punto di vista politico, i poveri non hanno alcuna lobby e spesso sono completamente esclusi dalla partecipazione digitale. I costi conseguenti sono a carico di tutti i contribuenti".</p>



<p>L'associazione lavora con oltre 700 comunità e altri partner in tutta la Svizzera. A fronte di un contributo fisso ai costi, attualmente pari a 150 franchi, questi partner possono ottenere dei laptop dall'associazione, che poi copre le proprie spese. I computer portatili sono quindi un dono, perché l'associazione li riceve gratuitamente anche da aziende, comuni o privati. "Ma li usiamo per pagare tutte le altre spese, come il funzionamento delle nostre infrastrutture, i costi del personale e il materiale di ricambio.</p>



<p>L'Wir lernen weiter continua a battersi proprio per queste preoccupazioni e spera che questi problemi di facile soluzione vengano risolti negli anni a venire. Questo aiuterebbe coloro che già non hanno molto da vivere.</p>



<p></p>



<hr class="wp-block-separator has-alpha-channel-opacity"/>



<p><strong>Informazioni sui media:</strong>&nbsp;<a href="mailto:kontakt@wir-lernen-weiter.ch">kontakt@wir-lernen-weiter.ch</a>&nbsp;/ +41 56 521 30 29</p>



<p><strong>Sito web wLw:&nbsp;</strong><a href="https://wir-lernen-weiter.ch/it/">https://wir-lernen-weiter.ch/</a></p>


<div class="wp-block-post-author"><div class="wp-block-post-author__avatar"><img alt='' src='https://secure.gravatar.com/avatar/0fe4bbc7c38f960ec0ab4d5fc918022a93da1a9071409a56a80c41d7f31bd7c5?s=48&#038;d=mm&#038;r=g' srcset='https://secure.gravatar.com/avatar/0fe4bbc7c38f960ec0ab4d5fc918022a93da1a9071409a56a80c41d7f31bd7c5?s=96&#038;d=mm&#038;r=g 2x' class='avatar avatar-48 photo' height='48' width='48' /></div><div class="wp-block-post-author__content"><p class="wp-block-post-author__name">Tobias Schär</p></div></div>

<p>Volontari di wLw durante una campagna di distribuzione a Zurigo "Viviamo nell'anno 2022 e in molti luoghi la gente non capisce ancora il ruolo che un computer portatile svolge nell'istruzione e nella partecipazione quotidiana". Le parole del fondatore e direttore commerciale di Wir lernen weiter (in breve wLw) sono chiare e inequivocabili, perché anche quest'estate la minaccia di...</p>
