{"id":6,"date":"2020-03-27T21:23:40","date_gmt":"2020-03-27T21:23:40","guid":{"rendered":"http:\/\/localhost:180\/wordpress__WLW\/?page_id=6"},"modified":"2026-04-16T15:27:59","modified_gmt":"2026-04-16T14:27:59","slug":"das-neue-museum-oeffnet-seine-tueren-2","status":"publish","type":"page","link":"https:\/\/wir-lernen-weiter.ch\/fr\/","title":{"rendered":"Wir lernen weiter"},"content":{"rendered":"<div class=\"wp-block-cover alignfull is-style-default\" style=\"min-height:750px;aspect-ratio:unset;\"><img decoding=\"async\" width=\"1114\" height=\"625\" sizes=\"(max-width: 799px) 200vw, (max-width: 1114px) 100vw, 1114px\" class=\"wp-block-cover__image-background wp-image-6149\" alt=\"\" src=\"https:\/\/wir-lernen-weiter.ch\/wp-content\/uploads\/2026\/04\/2026-04-10_23-47.png\" style=\"object-position:0% 0%\" data-object-fit=\"cover\" data-object-position=\"0% 0%\" srcset=\"https:\/\/wir-lernen-weiter.ch\/wp-content\/uploads\/2026\/04\/2026-04-10_23-47.png 1114w, https:\/\/wir-lernen-weiter.ch\/wp-content\/uploads\/2026\/04\/2026-04-10_23-47-300x168.png 300w, https:\/\/wir-lernen-weiter.ch\/wp-content\/uploads\/2026\/04\/2026-04-10_23-47-1024x575.png 1024w, https:\/\/wir-lernen-weiter.ch\/wp-content\/uploads\/2026\/04\/2026-04-10_23-47-768x431.png 768w, https:\/\/wir-lernen-weiter.ch\/wp-content\/uploads\/2026\/04\/2026-04-10_23-47-50x28.png 50w, https:\/\/wir-lernen-weiter.ch\/wp-content\/uploads\/2026\/04\/2026-04-10_23-47-18x10.png 18w\" \/><span aria-hidden=\"true\" class=\"wp-block-cover__background has-primary-background-color has-background-dim-80 has-background-dim\"><\/span><div class=\"wp-block-cover__inner-container is-layout-constrained wp-block-cover-is-layout-constrained\">\n<h1 class=\"wp-block-heading has-text-align-center\" style=\"border-style:none;border-width:0px;border-radius:0px;font-size:75px;line-height:1.5\"><strong>Ouvrir des <\/strong><br>PERSPECTIVES<strong> <\/strong><br><strong>gr\u00e2ce aux ordis<\/strong>.<\/h1>\n\n\n\n<div class=\"wp-block-buttons is-content-justification-center is-layout-flex wp-container-core-buttons-is-layout-a89b3969 wp-block-buttons-is-layout-flex\">\n<div class=\"wp-block-button has-custom-width wp-block-button__width-50\"><a class=\"wp-block-button__link has-medium-font-size has-custom-font-size wp-element-button\" href=\"https:\/\/wir-lernen-weiter.ch\/fr\/jetzt-helfen\/\" style=\"padding-top:var(--wp--preset--spacing--60);padding-bottom:var(--wp--preset--spacing--60)\">Aider maintenant<\/a><\/div>\n<\/div>\n<\/div><\/div>\n\n\n\n<h2 class=\"wp-block-heading has-text-align-center\">Faites don de vos anciens ordis!<\/h2>\n\n\n\n<p class=\"wp-block-ht-blocks-messages wp-block-hb-message wp-block-hb-message--withicon\">\ud83e\uddd1\ud83c\udffc\u200d\ud83e\udd1d\u200d\ud83e\uddd1\ud83c\udffd <strong>Pour notre soci\u00e9t\u00e9<\/strong><br><br>Aujourd'hui, sans ordinateur portable, on est exclu. Les personnes qui n'ont pas les moyens d'acheter un appareil sont particuli\u00e8rement touch\u00e9es. Nous remettons des appareils en \u00e9tat de marche aux personnes touch\u00e9es par la pauvret\u00e9 en Suisse.<br><\/p>\n\n\n\n<p class=\"wp-block-ht-blocks-messages wp-block-hb-message wp-block-hb-message--withicon\">\ud83c\udf42 <strong>Pour notre environnement<\/strong><br><br>Un ordinateur portable mis au rebut n'est pas un d\u00e9chet, mais un potentiel gaspill\u00e9. Sa fabrication n\u00e9cessite une \u00e9nergie consid\u00e9rable. Nous r\u00e9parons, remettons \u00e0 niveau et r\u00e9introduisons les appareils dans le circuit.<br><\/p>\n\n\n\n<p class=\"wp-block-ht-blocks-messages wp-block-hb-message wp-block-hb-message--withicon\">\ud83e\udd11 <strong>Pour sa propre caisse<\/strong><br><br>Faire un don ne co\u00fbte rien. Au contraire : tu \u00e9conomises m\u00eame de l'argent sans faire de compromis sur la protection des donn\u00e9es. Si les autres arguments ne te convainquent pas, peut-\u00eatre celui-ci.<br><\/p>\n\n\n\n<div class=\"wp-block-buttons is-content-justification-center is-layout-flex wp-container-core-buttons-is-layout-a89b3969 wp-block-buttons-is-layout-flex\">\n<div class=\"wp-block-button\"><a class=\"wp-block-button__link wp-element-button\" href=\"https:\/\/wir-lernen-weiter.ch\/fr\/jetzt-helfen\/\">Aider et cr\u00e9er des perspectives!<\/a><\/div>\n<\/div>\n\n\n\n<hr class=\"wp-block-separator has-alpha-channel-opacity\"\/>\n\n\n\n<h2 class=\"wp-block-heading has-text-align-center\">En savoir plus sur nous<\/h2>\n\n\n\n<p class=\"wp-block-ht-blocks-messages wp-block-hb-message wp-block-hb-message--withicon is-style-danger\"><strong>\ud83d\udcaa Petite association, grand impact<\/strong><br><br>Nous ne vendons pas de la souffrance humaine, mais agissons par des actes plut\u00f4t que par des paroles. En quelques ann\u00e9es, beaucoup de choses ont ainsi pu \u00eatre r\u00e9alis\u00e9es pour les personnes touch\u00e9es par la pauvret\u00e9 dans notre pays.<br><\/p>\n\n\n\n<div class=\"wp-block-columns is-layout-flex wp-container-core-columns-is-layout-d0b3c9c8 wp-block-columns-is-layout-flex\">\n<div class=\"wp-block-column is-layout-flow wp-block-column-is-layout-flow\">\n<p class=\"has-text-align-center has-secondary-color has-text-color has-background has-link-color has-h-2-font-size wp-elements-718368e8af1aab0ddd86346c8f94e048\" style=\"background-color:#ffffff\"><strong>&gt; 20\u2019000<\/strong><\/p>\n\n\n\n<p class=\"has-text-align-center has-primary-color has-text-color has-background has-link-color has-h-3-font-size wp-elements-65009ff062279fe4addcd8ccbc118c48\" style=\"background-color:#ffffff\"><strong>ordis<br>distribu\u00e9<\/strong><\/p>\n<\/div>\n\n\n\n<div class=\"wp-block-column is-layout-flow wp-block-column-is-layout-flow\">\n<p class=\"has-text-align-center has-secondary-color has-text-color has-background has-link-color has-h-2-font-size wp-elements-47022961c1775372360fea7c21211f8e\" style=\"background-color:#ffffff\"><strong>&gt; 1\u2019100<\/strong><\/p>\n\n\n\n<p class=\"has-text-align-center has-background has-h-3-font-size\" style=\"background-color:#fefefe\"><strong>partenaire <br>actif<\/strong><\/p>\n<\/div>\n\n\n\n<div class=\"wp-block-column is-layout-flow wp-block-column-is-layout-flow\">\n<p class=\"has-text-align-center has-secondary-color has-text-color has-background has-link-color has-h-2-font-size wp-elements-0d264bf176d3517eb52b67028832adda\" style=\"background-color:#ffffff\"><strong>en 26<\/strong><\/p>\n\n\n\n<p class=\"has-text-align-center has-background has-h-3-font-size\" style=\"background-color:#ffffff\"><strong>cantons<\/strong><\/p>\n<\/div>\n<\/div>\n\n\n\n<hr class=\"wp-block-separator has-alpha-channel-opacity\"\/>\n\n\n\n<h2 class=\"wp-block-heading has-text-align-center\">Autres domaines th\u00e9matiques<\/h2>\n\n\n\n<div class=\"wp-block-columns is-layout-flex wp-container-core-columns-is-layout-d0b3c9c8 wp-block-columns-is-layout-flex\">\n<div class=\"wp-block-column is-layout-flow wp-block-column-is-layout-flow\">\n<p class=\"wp-block-ht-blocks-messages wp-block-hb-message wp-block-hb-message--withicon\"> <strong>\ud83d\udcbb<\/strong> <strong><a href=\"https:\/\/wir-lernen-weiter.ch\/fr\/jetzt-helfen\/\" data-type=\"page\" data-id=\"4226\">Aider maintenant<\/a><\/strong><br><br>D\u00e9couvre ici comment tu peux nous soutenir.<\/p>\n\n\n\n<p class=\"wp-block-ht-blocks-messages wp-block-hb-message wp-block-hb-message--withicon\">\ud83d\ude0e <strong><a href=\"https:\/\/wir-lernen-weiter.ch\/fr\/unser-verein\/\" data-type=\"page\" data-id=\"636\">Notre association<\/a><\/strong><br><br>En savoir plus sur notre fonctionnement et notre action.<\/p>\n<\/div>\n\n\n\n<div class=\"wp-block-column is-layout-flow wp-block-column-is-layout-flow\">\n<p class=\"wp-block-ht-blocks-messages wp-block-hb-message wp-block-hb-message--withicon\">\ud83e\uddd1\ud83c\udffc\u200d\ud83d\udd27 <strong><a href=\"https:\/\/wir-lernen-weiter.ch\/fr\/unsere-arbeit\/\" data-type=\"page\" data-id=\"5154\">Notre travail<\/a><\/strong><br><br>Nous partageons des aper\u00e7us de notre quotidien au sein de l'association.<\/p>\n\n\n\n<p class=\"wp-block-ht-blocks-messages wp-block-hb-message wp-block-hb-message--withicon\">\ud83e\udd1d <strong><a href=\"https:\/\/wir-lernen-weiter.ch\/fr\/partnerschaften\/\" data-type=\"page\" data-id=\"2339\">Devenir partenaire<\/a><\/strong><br><br>Obtenir des ordinateurs portables pour les personnes en situation de pauvret\u00e9.<\/p>\n<\/div>\n<\/div>","protected":false},"excerpt":{"rendered":"<p>Spendet Eure alten Laptops! Mehr zu uns &gt; 20&#8217;000 verteilteLaptops &gt; 1&#8217;100 aktive Partner in 26 Kantonen Weitere Themenbereiche<\/p>","protected":false},"author":6,"featured_media":4868,"parent":0,"menu_order":0,"comment_status":"closed","ping_status":"closed","template":"","meta":{"iawp_total_views":1044,"footnotes":""},"class_list":["post-6","page","type-page","status-publish","has-post-thumbnail","hentry"],"_links":{"self":[{"href":"https:\/\/wir-lernen-weiter.ch\/fr\/wp-json\/wp\/v2\/pages\/6","targetHints":{"allow":["GET"]}}],"collection":[{"href":"https:\/\/wir-lernen-weiter.ch\/fr\/wp-json\/wp\/v2\/pages"}],"about":[{"href":"https:\/\/wir-lernen-weiter.ch\/fr\/wp-json\/wp\/v2\/types\/page"}],"author":[{"embeddable":true,"href":"https:\/\/wir-lernen-weiter.ch\/fr\/wp-json\/wp\/v2\/users\/6"}],"replies":[{"embeddable":true,"href":"https:\/\/wir-lernen-weiter.ch\/fr\/wp-json\/wp\/v2\/comments?post=6"}],"version-history":[{"count":7,"href":"https:\/\/wir-lernen-weiter.ch\/fr\/wp-json\/wp\/v2\/pages\/6\/revisions"}],"predecessor-version":[{"id":6799,"href":"https:\/\/wir-lernen-weiter.ch\/fr\/wp-json\/wp\/v2\/pages\/6\/revisions\/6799"}],"wp:featuredmedia":[{"embeddable":true,"href":"https:\/\/wir-lernen-weiter.ch\/fr\/wp-json\/wp\/v2\/media\/4868"}],"wp:attachment":[{"href":"https:\/\/wir-lernen-weiter.ch\/fr\/wp-json\/wp\/v2\/media?parent=6"}],"curies":[{"name":"wp","href":"https:\/\/api.w.org\/{rel}","templated":true}]}}

<div class="wp-block-cover alignfull is-style-default" style="min-height:750px;aspect-ratio:unset;"><img decoding="async" width="1114" height="625" sizes="(max-width: 799px) 200vw, (max-width: 1114px) 100vw, 1114px" class="wp-block-cover__image-background wp-image-6149" alt="" src="https://wir-lernen-weiter.ch/wp-content/uploads/2026/04/2026-04-10_23-47.png" style="object-position:0% 0%" data-object-fit="cover" data-object-position="0% 0%" srcset="https://wir-lernen-weiter.ch/wp-content/uploads/2026/04/2026-04-10_23-47.png 1114w, https://wir-lernen-weiter.ch/wp-content/uploads/2026/04/2026-04-10_23-47-300x168.png 300w, https://wir-lernen-weiter.ch/wp-content/uploads/2026/04/2026-04-10_23-47-1024x575.png 1024w, https://wir-lernen-weiter.ch/wp-content/uploads/2026/04/2026-04-10_23-47-768x431.png 768w, https://wir-lernen-weiter.ch/wp-content/uploads/2026/04/2026-04-10_23-47-50x28.png 50w, https://wir-lernen-weiter.ch/wp-content/uploads/2026/04/2026-04-10_23-47-18x10.png 18w" /><span aria-hidden="true" class="wp-block-cover__background has-primary-background-color has-background-dim-80 has-background-dim"></span><div class="wp-block-cover__inner-container is-layout-constrained wp-block-cover-is-layout-constrained">
<h1 class="wp-block-heading has-text-align-center" style="border-style:none;border-width:0px;border-radius:0px;font-size:75px;line-height:1.5"><strong>Ouvrir des </strong><br>PERSPECTIVES<strong> </strong><br><strong>grâce aux ordis</strong>.</h1>



<div class="wp-block-buttons is-content-justification-center is-layout-flex wp-container-core-buttons-is-layout-a89b3969 wp-block-buttons-is-layout-flex">
<div class="wp-block-button has-custom-width wp-block-button__width-50"><a class="wp-block-button__link has-medium-font-size has-custom-font-size wp-element-button" href="https://wir-lernen-weiter.ch/fr/jetzt-helfen/" style="padding-top:var(--wp--preset--spacing--60);padding-bottom:var(--wp--preset--spacing--60)">Aider maintenant</a></div>
</div>
</div></div>



<h2 class="wp-block-heading has-text-align-center">Faites don de vos anciens ordis!</h2>



<p class="wp-block-ht-blocks-messages wp-block-hb-message wp-block-hb-message--withicon">🧑🏼‍🤝‍🧑🏽 <strong>Pour notre société</strong><br><br>Aujourd'hui, sans ordinateur portable, on est exclu. Les personnes qui n'ont pas les moyens d'acheter un appareil sont particulièrement touchées. Nous remettons des appareils en état de marche aux personnes touchées par la pauvreté en Suisse.<br></p>



<p class="wp-block-ht-blocks-messages wp-block-hb-message wp-block-hb-message--withicon">🍂 <strong>Pour notre environnement</strong><br><br>Un ordinateur portable mis au rebut n'est pas un déchet, mais un potentiel gaspillé. Sa fabrication nécessite une énergie considérable. Nous réparons, remettons à niveau et réintroduisons les appareils dans le circuit.<br></p>



<p class="wp-block-ht-blocks-messages wp-block-hb-message wp-block-hb-message--withicon">🤑 <strong>Pour sa propre caisse</strong><br><br>Faire un don ne coûte rien. Au contraire : tu économises même de l'argent sans faire de compromis sur la protection des données. Si les autres arguments ne te convainquent pas, peut-être celui-ci.<br></p>



<div class="wp-block-buttons is-content-justification-center is-layout-flex wp-container-core-buttons-is-layout-a89b3969 wp-block-buttons-is-layout-flex">
<div class="wp-block-button"><a class="wp-block-button__link wp-element-button" href="https://wir-lernen-weiter.ch/fr/jetzt-helfen/">Aider et créer des perspectives!</a></div>
</div>



<hr class="wp-block-separator has-alpha-channel-opacity"/>



<h2 class="wp-block-heading has-text-align-center">En savoir plus sur nous</h2>



<p class="wp-block-ht-blocks-messages wp-block-hb-message wp-block-hb-message--withicon is-style-danger"><strong>💪 Petite association, grand impact</strong><br><br>Nous ne vendons pas de la souffrance humaine, mais agissons par des actes plutôt que par des paroles. En quelques années, beaucoup de choses ont ainsi pu être réalisées pour les personnes touchées par la pauvreté dans notre pays.<br></p>



<div class="wp-block-columns is-layout-flex wp-container-core-columns-is-layout-d0b3c9c8 wp-block-columns-is-layout-flex">
<div class="wp-block-column is-layout-flow wp-block-column-is-layout-flow">
<p class="has-text-align-center has-secondary-color has-text-color has-background has-link-color has-h-2-font-size wp-elements-718368e8af1aab0ddd86346c8f94e048" style="background-color:#ffffff"><strong>&gt; 20’000</strong></p>



<p class="has-text-align-center has-primary-color has-text-color has-background has-link-color has-h-3-font-size wp-elements-65009ff062279fe4addcd8ccbc118c48" style="background-color:#ffffff"><strong>ordis<br>distribué</strong></p>
</div>



<div class="wp-block-column is-layout-flow wp-block-column-is-layout-flow">
<p class="has-text-align-center has-secondary-color has-text-color has-background has-link-color has-h-2-font-size wp-elements-47022961c1775372360fea7c21211f8e" style="background-color:#ffffff"><strong>&gt; 1’100</strong></p>



<p class="has-text-align-center has-background has-h-3-font-size" style="background-color:#fefefe"><strong>partenaire <br>actif</strong></p>
</div>



<div class="wp-block-column is-layout-flow wp-block-column-is-layout-flow">
<p class="has-text-align-center has-secondary-color has-text-color has-background has-link-color has-h-2-font-size wp-elements-0d264bf176d3517eb52b67028832adda" style="background-color:#ffffff"><strong>en 26</strong></p>



<p class="has-text-align-center has-background has-h-3-font-size" style="background-color:#ffffff"><strong>cantons</strong></p>
</div>
</div>



<hr class="wp-block-separator has-alpha-channel-opacity"/>



<h2 class="wp-block-heading has-text-align-center">Autres domaines thématiques</h2>



<div class="wp-block-columns is-layout-flex wp-container-core-columns-is-layout-d0b3c9c8 wp-block-columns-is-layout-flex">
<div class="wp-block-column is-layout-flow wp-block-column-is-layout-flow">
<p class="wp-block-ht-blocks-messages wp-block-hb-message wp-block-hb-message--withicon"> <strong>💻</strong> <strong><a href="https://wir-lernen-weiter.ch/fr/jetzt-helfen/" data-type="page" data-id="4226">Aider maintenant</a></strong><br><br>Découvre ici comment tu peux nous soutenir.</p>



<p class="wp-block-ht-blocks-messages wp-block-hb-message wp-block-hb-message--withicon">😎 <strong><a href="https://wir-lernen-weiter.ch/fr/unser-verein/" data-type="page" data-id="636">Notre association</a></strong><br><br>En savoir plus sur notre fonctionnement et notre action.</p>
</div>



<div class="wp-block-column is-layout-flow wp-block-column-is-layout-flow">
<p class="wp-block-ht-blocks-messages wp-block-hb-message wp-block-hb-message--withicon">🧑🏼‍🔧 <strong><a href="https://wir-lernen-weiter.ch/fr/unsere-arbeit/" data-type="page" data-id="5154">Notre travail</a></strong><br><br>Nous partageons des aperçus de notre quotidien au sein de l'association.</p>



<p class="wp-block-ht-blocks-messages wp-block-hb-message wp-block-hb-message--withicon">🤝 <strong><a href="https://wir-lernen-weiter.ch/fr/partnerschaften/" data-type="page" data-id="2339">Devenir partenaire</a></strong><br><br>Obtenir des ordinateurs portables pour les personnes en situation de pauvreté.</p>
</div>
</div>
