{"id":3105,"date":"2022-07-13T09:32:59","date_gmt":"2022-07-13T08:32:59","guid":{"rendered":"https:\/\/wir-lernen-weiter.ch\/?post_type=ht_kb&#038;p=3105"},"modified":"2026-04-16T12:02:14","modified_gmt":"2026-04-16T11:02:14","slug":"laptop-typen","status":"publish","type":"ht_kb","link":"https:\/\/wir-lernen-weiter.ch\/fr\/knowledge-base\/laptop-typen\/","title":{"rendered":"Types d'ordinateurs portables"},"content":{"rendered":"<p class=\"wp-block-ht-blocks-messages wp-block-hb-message wp-block-hb-message--withicon is-style-success\"><strong>\ud83e\uddd1\ud83c\udffc\u200d\ud83d\udd27 Le bon appareil pour chaque commande !<\/strong><br><br>Nous ne pouvons transmettre que les appareils dont nous disposons. Nous devons donc aussi veiller \u00e0 ce que les bons appareils soient utilis\u00e9s pour la bonne commande : En effet, tous les ordinateurs portables ne sont pas capables de faire la m\u00eame chose.<\/p>\n\n\n\n<hr class=\"wp-block-separator has-alpha-channel-opacity\"\/>\n\n\n\n<h4 class=\"wp-block-heading\">Cat\u00e9gories d'appareils<\/h4>\n\n\n\n<p>Nos ordinateurs portables se distinguent par diff\u00e9rentes caract\u00e9ristiques : <\/p>\n\n\n\n<div class=\"wp-block-ht-blocks-accordion wp-block-hb-accordion\"><div class=\"wp-block-hb-accordion__section\" data-ht-blocks-accordion-block-state=\"closed\"><div class=\"wp-block-hb-accordion__title\"><span>Compatibilit\u00e9 du syst\u00e8me d'exploitation<\/span><\/div><div class=\"wp-block-hb-accordion__content\"><div class=\"wp-block-hb-accordion__contentwrap\">Nous faisons ici une distinction fondamentale entre les appareils qui disposent d'une licence Windows valide et d'une puissance suffisante et ceux qui n'en disposent pas.<br><br>Les appareils qui ne r\u00e9pondent pas \u00e0 nos exigences \u00e9lev\u00e9es en mati\u00e8re de Windows sont install\u00e9s chez nous avec Zorin OS. Ils ne sont pas pour autant mauvais.<br><\/div><\/div><\/div><div class=\"wp-block-hb-accordion__section\" data-ht-blocks-accordion-block-state=\"closed\"><div class=\"wp-block-hb-accordion__title\"><span>\u00c9cran tactile et \u00e9quipement<\/span><\/div><div class=\"wp-block-hb-accordion__content\"><div class=\"wp-block-hb-accordion__contentwrap\">Un autre point important est de savoir si un appareil dispose d'un \u00e9cran tactile. En outre, les appareils dot\u00e9s d'un \u00e9cran tactile peuvent \u00e9galement utiliser un stylet int\u00e9gr\u00e9 qui se cache dans le bo\u00eetier.<\/div><\/div><\/div><div class=\"wp-block-hb-accordion__section\" data-ht-blocks-accordion-block-state=\"closed\"><div class=\"wp-block-hb-accordion__title\"><span>Caract\u00e9ristiques de performance (CPU + RAM)<\/span><\/div><div class=\"wp-block-hb-accordion__content\"><div class=\"wp-block-hb-accordion__contentwrap\">La puissance du processeur, mais aussi la m\u00e9moire vive install\u00e9e, nous donnent des informations sur la puissance d'un appareil.<\/div><\/div><\/div><\/div>\n\n\n\n<hr class=\"wp-block-separator has-alpha-channel-opacity\"\/>\n\n\n\n<h4 class=\"wp-block-heading\">Comment un appareil est-il attribu\u00e9 ?<\/h4>\n\n\n\n<p>Lors des commandes de nos partenaires, nous recevons parfois des exigences sp\u00e9cifiques de la part d'\u00e9coles ou de centres de formation. Nous tenons compte de ces exigences, en distinguant les exigences dures et les exigences souples :<\/p>\n\n\n\n<p class=\"wp-block-ht-blocks-messages wp-block-hb-message wp-block-hb-message--withicon is-style-alert\"><strong>Des exigences difficiles<\/strong><br><br>Nous r\u00e9pondons toujours \u00e0 ces crit\u00e8res. Le contexte est qu'il est difficile, voire impossible, de changer ou de mettre \u00e0 niveau ces composants.<br><br>- Famille de processeurs : par ex. Intel i5\/i7<br>- M\u00e9moire vive : par ex. au moins 8 Go de RAM<br>- \u00c9cran tactile : na \/ non \/ optionnel<\/p>\n\n\n\n<p class=\"wp-block-ht-blocks-messages wp-block-hb-message wp-block-hb-message--withicon is-style-info\"><strong>Exigences douces<\/strong><br><br>Ces crit\u00e8res sont remplis au mieux, mais nous ne pouvons pas les garantir. Le contexte est ici que tu peux, en tant que destinataire, prendre toi-m\u00eame des mesures ou que les exigences n'ont pas beaucoup de sens d'un point de vue technique.<br><br>- G\u00e9n\u00e9ration de processeur : par ex. Intel i5 \u00e0 partir de la 12e g\u00e9n\u00e9ration<br>- Autonomie de la batterie : par ex. au moins 4h<br>- Capacit\u00e9 de stockage : par ex. 256 Go <br><\/p>\n\n\n\n<hr class=\"wp-block-separator has-alpha-channel-opacity\"\/>\n\n\n\n<h4 class=\"wp-block-heading\">Ordinateurs portables standard<\/h4>\n\n\n\n<p>Si nous ne recevons pas d'ordinateurs portables, nous garantissons les sp\u00e9cifications minimales suivantes (au 15 avril 2026) : <\/p>\n\n\n\n<div class=\"wp-block-ht-blocks-accordion wp-block-hb-accordion\"><div class=\"wp-block-hb-accordion__section\" data-ht-blocks-accordion-block-state=\"closed\"><div class=\"wp-block-hb-accordion__title\"><span>Appareils pour la formation<\/span><\/div><div class=\"wp-block-hb-accordion__content\"><div class=\"wp-block-hb-accordion__contentwrap\">- Syst\u00e8me d'exploitation : Windows 11<br>- CPU : i5 (\u00e0 partir de la 9e g\u00e9n\u00e9ration)<br>- M\u00e9moire vive : au moins 8 Go <br>- SSD : 256 GO<\/div><\/div><\/div><div class=\"wp-block-hb-accordion__section\" data-ht-blocks-accordion-block-state=\"closed\"><div class=\"wp-block-hb-accordion__title\"><span>Appareils pour la vie quotidienne <\/span><\/div><div class=\"wp-block-hb-accordion__content\"><div class=\"wp-block-hb-accordion__contentwrap\">- Syst\u00e8me d'exploitation : Zorin OS <br>- CPU : mind i3<br>- M\u00e9moire vive : au moins 4 Go<br>- SSD : 128<br><\/div><\/div><\/div><\/div>\n\n\n\n<p><\/p>","protected":false},"excerpt":{"rendered":"<p>Ger\u00e4tekategorien Unsere Laptops werden anhand verschiedener Merkmale unterschieden: Wie wird ein Ger\u00e4t zugeteilt? Bei den Bestellungen unserer Partner erhalten wir teilweise spezifische Anforderungen von Schulen oder Ausbildungsst\u00e4tten. Diese Anforderungen werden ber\u00fccksichtigt, wobei wir zwischen harten und weichen Anforderungen unterscheiden: Standard-Laptops Wenn wir keine Laptops erhalten, garantieren wir folgende Mindestspezifikationen (Stand 15. April 2026):<\/p>","protected":false},"author":6,"comment_status":"closed","ping_status":"closed","template":"","format":"standard","meta":{"iawp_total_views":17,"footnotes":""},"ht-kb-category":[58],"ht-kb-tag":[],"class_list":["post-3105","ht_kb","type-ht_kb","status-publish","format-standard","hentry","ht_kb_category-zu-den-laptops"],"_links":{"self":[{"href":"https:\/\/wir-lernen-weiter.ch\/fr\/wp-json\/wp\/v2\/ht-kb\/3105","targetHints":{"allow":["GET"]}}],"collection":[{"href":"https:\/\/wir-lernen-weiter.ch\/fr\/wp-json\/wp\/v2\/ht-kb"}],"about":[{"href":"https:\/\/wir-lernen-weiter.ch\/fr\/wp-json\/wp\/v2\/types\/ht_kb"}],"author":[{"embeddable":true,"href":"https:\/\/wir-lernen-weiter.ch\/fr\/wp-json\/wp\/v2\/users\/6"}],"replies":[{"embeddable":true,"href":"https:\/\/wir-lernen-weiter.ch\/fr\/wp-json\/wp\/v2\/comments?post=3105"}],"version-history":[{"count":1,"href":"https:\/\/wir-lernen-weiter.ch\/fr\/wp-json\/wp\/v2\/ht-kb\/3105\/revisions"}],"predecessor-version":[{"id":6792,"href":"https:\/\/wir-lernen-weiter.ch\/fr\/wp-json\/wp\/v2\/ht-kb\/3105\/revisions\/6792"}],"wp:attachment":[{"href":"https:\/\/wir-lernen-weiter.ch\/fr\/wp-json\/wp\/v2\/media?parent=3105"}],"wp:term":[{"taxonomy":"ht_kb_category","embeddable":true,"href":"https:\/\/wir-lernen-weiter.ch\/fr\/wp-json\/wp\/v2\/ht-kb-category?post=3105"},{"taxonomy":"ht_kb_tag","embeddable":true,"href":"https:\/\/wir-lernen-weiter.ch\/fr\/wp-json\/wp\/v2\/ht-kb-tag?post=3105"}],"curies":[{"name":"wp","href":"https:\/\/api.w.org\/{rel}","templated":true}]}}

<p class="wp-block-ht-blocks-messages wp-block-hb-message wp-block-hb-message--withicon is-style-success"><strong>🧑🏼‍🔧 Le bon appareil pour chaque commande !</strong><br><br>Nous ne pouvons transmettre que les appareils dont nous disposons. Nous devons donc aussi veiller à ce que les bons appareils soient utilisés pour la bonne commande : En effet, tous les ordinateurs portables ne sont pas capables de faire la même chose.</p>



<hr class="wp-block-separator has-alpha-channel-opacity"/>



<h4 class="wp-block-heading">Catégories d'appareils</h4>



<p>Nos ordinateurs portables se distinguent par différentes caractéristiques : </p>



<div class="wp-block-ht-blocks-accordion wp-block-hb-accordion"><div class="wp-block-hb-accordion__section" data-ht-blocks-accordion-block-state="closed"><div class="wp-block-hb-accordion__title"><span>Compatibilité du système d'exploitation</span></div><div class="wp-block-hb-accordion__content"><div class="wp-block-hb-accordion__contentwrap">Nous faisons ici une distinction fondamentale entre les appareils qui disposent d'une licence Windows valide et d'une puissance suffisante et ceux qui n'en disposent pas.<br><br>Les appareils qui ne répondent pas à nos exigences élevées en matière de Windows sont installés chez nous avec Zorin OS. Ils ne sont pas pour autant mauvais.<br></div></div></div><div class="wp-block-hb-accordion__section" data-ht-blocks-accordion-block-state="closed"><div class="wp-block-hb-accordion__title"><span>Écran tactile et équipement</span></div><div class="wp-block-hb-accordion__content"><div class="wp-block-hb-accordion__contentwrap">Un autre point important est de savoir si un appareil dispose d'un écran tactile. En outre, les appareils dotés d'un écran tactile peuvent également utiliser un stylet intégré qui se cache dans le boîtier.</div></div></div><div class="wp-block-hb-accordion__section" data-ht-blocks-accordion-block-state="closed"><div class="wp-block-hb-accordion__title"><span>Caractéristiques de performance (CPU + RAM)</span></div><div class="wp-block-hb-accordion__content"><div class="wp-block-hb-accordion__contentwrap">La puissance du processeur, mais aussi la mémoire vive installée, nous donnent des informations sur la puissance d'un appareil.</div></div></div></div>



<hr class="wp-block-separator has-alpha-channel-opacity"/>



<h4 class="wp-block-heading">Comment un appareil est-il attribué ?</h4>



<p>Lors des commandes de nos partenaires, nous recevons parfois des exigences spécifiques de la part d'écoles ou de centres de formation. Nous tenons compte de ces exigences, en distinguant les exigences dures et les exigences souples :</p>



<p class="wp-block-ht-blocks-messages wp-block-hb-message wp-block-hb-message--withicon is-style-alert"><strong>Des exigences difficiles</strong><br><br>Nous répondons toujours à ces critères. Le contexte est qu'il est difficile, voire impossible, de changer ou de mettre à niveau ces composants.<br><br>- Famille de processeurs : par ex. Intel i5/i7<br>- Mémoire vive : par ex. au moins 8 Go de RAM<br>- Écran tactile : na / non / optionnel</p>



<p class="wp-block-ht-blocks-messages wp-block-hb-message wp-block-hb-message--withicon is-style-info"><strong>Exigences douces</strong><br><br>Ces critères sont remplis au mieux, mais nous ne pouvons pas les garantir. Le contexte est ici que tu peux, en tant que destinataire, prendre toi-même des mesures ou que les exigences n'ont pas beaucoup de sens d'un point de vue technique.<br><br>- Génération de processeur : par ex. Intel i5 à partir de la 12e génération<br>- Autonomie de la batterie : par ex. au moins 4h<br>- Capacité de stockage : par ex. 256 Go <br></p>



<hr class="wp-block-separator has-alpha-channel-opacity"/>



<h4 class="wp-block-heading">Ordinateurs portables standard</h4>



<p>Si nous ne recevons pas d'ordinateurs portables, nous garantissons les spécifications minimales suivantes (au 15 avril 2026) : </p>



<div class="wp-block-ht-blocks-accordion wp-block-hb-accordion"><div class="wp-block-hb-accordion__section" data-ht-blocks-accordion-block-state="closed"><div class="wp-block-hb-accordion__title"><span>Appareils pour la formation</span></div><div class="wp-block-hb-accordion__content"><div class="wp-block-hb-accordion__contentwrap">- Système d'exploitation : Windows 11<br>- CPU : i5 (à partir de la 9e génération)<br>- Mémoire vive : au moins 8 Go <br>- SSD : 256 GO</div></div></div><div class="wp-block-hb-accordion__section" data-ht-blocks-accordion-block-state="closed"><div class="wp-block-hb-accordion__title"><span>Appareils pour la vie quotidienne </span></div><div class="wp-block-hb-accordion__content"><div class="wp-block-hb-accordion__contentwrap">- Système d'exploitation : Zorin OS <br>- CPU : mind i3<br>- Mémoire vive : au moins 4 Go<br>- SSD : 128<br></div></div></div></div>



<p></p>

<p>Gerätekategorien Unsere Laptops werden anhand verschiedener Merkmale unterschieden: Wie wird ein Gerät zugeteilt? Bei den Bestellungen unserer Partner erhalten wir teilweise spezifische Anforderungen von Schulen oder Ausbildungsstätten. Diese Anforderungen werden berücksichtigt, wobei wir zwischen harten und weichen Anforderungen unterscheiden: Standard-Laptops Wenn wir keine Laptops erhalten, garantieren wir folgende Mindestspezifikationen (Stand 15. April 2026):</p>
